{"id":688,"date":"2019-03-31T20:11:27","date_gmt":"2019-03-31T18:11:27","guid":{"rendered":"http:\/\/ersetic.nazwa.pl\/lussoniprofessional\/products\/hair\/combs\/barber-comb\/"},"modified":"2019-04-01T09:54:36","modified_gmt":"2019-04-01T07:54:36","slug":"barber-comb","status":"publish","type":"page","link":"http:\/\/lussoniprofessional.com\/en\/products\/hair\/combs\/barber-comb\/","title":{"rendered":"BARBER COMB"},"content":{"rendered":"<p>[vc_row][vc_column width=&#8221;3\/4&#8243;]<div class=\"grve-element grve-gallery grve-isotope grve-gallery-popup grve-with-gap\" style=\"\" data-columns=\"2\" data-columns-tablet-landscape=\"2\" data-columns-tablet-portrait=\"2\" data-columns-mobile=\"1\" data-layout=\"fitRows\" data-gutter-size=\"40\">  <div class=\"grve-isotope-container\"><div class=\"grve-isotope-item grve-gallery-item \">  <a href=\"http:\/\/lussoniprofessional.com\/wp-content\/uploads\/2019\/03\/BARBER-COMB-1.jpg\"><div class=\"grve-isotope-item-inner grve-zoomIn\">    <figure class=\"grve-hover-style-1 grve-image-hover grve-zoom-in\">      <div class=\"grve-media\">        <div class=\"grve-hover-overlay grve-bg-light grve-opacity-0\"><\/div><img width=\"600\" height=\"600\" src=\"http:\/\/lussoniprofessional.com\/wp-content\/uploads\/2019\/03\/BARBER-COMB-1-600x600.jpg\" class=\"attachment-blade-grve-small-square size-blade-grve-small-square\" alt=\"\" loading=\"lazy\" srcset=\"http:\/\/lussoniprofessional.com\/wp-content\/uploads\/2019\/03\/BARBER-COMB-1-600x600.jpg 600w, http:\/\/lussoniprofessional.com\/wp-content\/uploads\/2019\/03\/BARBER-COMB-1-150x150.jpg 150w, http:\/\/lussoniprofessional.com\/wp-content\/uploads\/2019\/03\/BARBER-COMB-1-300x300.jpg 300w, http:\/\/lussoniprofessional.com\/wp-content\/uploads\/2019\/03\/BARBER-COMB-1-768x768.jpg 768w, http:\/\/lussoniprofessional.com\/wp-content\/uploads\/2019\/03\/BARBER-COMB-1-1024x1024.jpg 1024w, http:\/\/lussoniprofessional.com\/wp-content\/uploads\/2019\/03\/BARBER-COMB-1.jpg 1080w\" sizes=\"(max-width: 600px) 100vw, 600px\" \/>      <\/div>      <figcaption>        <div class=\"grve-gallery-content\"><h6 class=\"grve-title grve-text-dark\">BARBER COMB<\/h6>        <\/div>      <\/figcaption>    <\/figure><\/div>  <\/a><\/div>  <\/div><\/div>[\/vc_column][vc_column width=&#8221;1\/4&#8243;][vc_raw_html el_class=&#8221;opis&#8221;]JTNDZGl2JTIwY2xhc3MlM0QlMjJwaW5rJTIyJTNFREVTQ1JJUFRJT04lM0MlMkZkaXYlM0U=[\/vc_raw_html][vc_column_text el_class=&#8221;prod-desc&#8221;]Special, well-designed Barber Comb makes it easier to shape the lines of facial hair and beard when using a shaver or trimmer. It is perfect for marking the neck borders and for even distribution of care and styling products. It is small and handy, made of light and durable material.[\/vc_column_text][\/vc_column][\/vc_row]<\/p>\n","protected":false},"excerpt":{"rendered":"<p>[vc_row][vc_column width=&#8221;3\/4&#8243;][\/vc_column][vc_column width=&#8221;1\/4&#8243;][vc_raw_html el_class=&#8221;opis&#8221;]JTNDZGl2JTIwY2xhc3MlM0QlMjJwaW5rJTIyJTNFREVTQ1JJUFRJT04lM0MlMkZkaXYlM0U=[\/vc_raw_html][vc_column_text el_class=&#8221;prod-desc&#8221;]Special, well-designed Barber Comb makes it easier to shape the lines of facial hair and beard when using a shaver or trimmer. It is perfect for marking the neck borders and for even distribution of care and styling products. It is small and handy, made of light and durable material.[\/vc_column_text][\/vc_column][\/vc_row]<\/p>\n","protected":false},"author":1,"featured_media":0,"parent":685,"menu_order":0,"comment_status":"closed","ping_status":"closed","template":"","meta":[],"yoast_head":"<!-- This site is optimized with the Yoast SEO plugin v15.6.2 - https:\/\/yoast.com\/wordpress\/plugins\/seo\/ -->\n<title>BARBER COMB | LUSSONI | Profesjonalne akcesoria do makija\u017cu, do w\u0142os\u00f3w i paznokci.<\/title>\n<meta name=\"robots\" content=\"index, follow, max-snippet:-1, max-image-preview:large, max-video-preview:-1\" \/>\n<link rel=\"canonical\" href=\"http:\/\/lussoniprofessional.com\/en\/products\/hair\/combs\/barber-comb\/\" \/>\n<meta property=\"og:locale\" content=\"en_US\" \/>\n<meta property=\"og:type\" content=\"article\" \/>\n<meta property=\"og:title\" content=\"BARBER COMB | LUSSONI | Profesjonalne akcesoria do makija\u017cu, do w\u0142os\u00f3w i paznokci.\" \/>\n<meta property=\"og:description\" content=\"[vc_row][vc_column width=&#8221;3\/4&#8243;][\/vc_column][vc_column width=&#8221;1\/4&#8243;][vc_raw_html el_class=&#8221;opis&#8221;]JTNDZGl2JTIwY2xhc3MlM0QlMjJwaW5rJTIyJTNFREVTQ1JJUFRJT04lM0MlMkZkaXYlM0U=[\/vc_raw_html][vc_column_text el_class=&#8221;prod-desc&#8221;]Special, well-designed Barber Comb makes it easier to shape the lines of facial hair and beard when using a shaver or trimmer. It is perfect for marking the neck borders and for even distribution of care and styling products. It is small and handy, made of light and durable material.[\/vc_column_text][\/vc_column][\/vc_row]\" \/>\n<meta property=\"og:url\" content=\"http:\/\/lussoniprofessional.com\/en\/products\/hair\/combs\/barber-comb\/\" \/>\n<meta property=\"og:site_name\" content=\"LUSSONI | Profesjonalne akcesoria do makija\u017cu, do w\u0142os\u00f3w i paznokci.\" \/>\n<meta property=\"article:modified_time\" content=\"2019-04-01T07:54:36+00:00\" \/>\n<meta property=\"og:image\" content=\"http:\/\/lussoniprofessional.com\/wp-content\/uploads\/2019\/04\/Lussoni-brand.jpg\" \/>\n\t<meta property=\"og:image:width\" content=\"1200\" \/>\n\t<meta property=\"og:image:height\" content=\"630\" \/>\n<meta name=\"twitter:card\" content=\"summary_large_image\" \/>\n<meta name=\"twitter:label1\" content=\"Est. reading time\">\n\t<meta name=\"twitter:data1\" content=\"1 minute\">\n<script type=\"application\/ld+json\" class=\"yoast-schema-graph\">{\"@context\":\"https:\/\/schema.org\",\"@graph\":[{\"@type\":\"Organization\",\"@id\":\"https:\/\/lussoniprofessional.com\/#organization\",\"name\":\"LUSSONI | Profesjonalne akcesoria do makija\\u017cu, do w\\u0142os\\u00f3w i paznokci.\",\"url\":\"https:\/\/lussoniprofessional.com\/\",\"sameAs\":[\"https:\/\/www.instagram.com\/lussoni_professional\/\"],\"logo\":{\"@type\":\"ImageObject\",\"@id\":\"https:\/\/lussoniprofessional.com\/#logo\",\"inLanguage\":\"en-US\",\"url\":\"http:\/\/lussoniprofessional.com\/wp-content\/uploads\/2019\/04\/Lussoni-brand.jpg\",\"width\":1200,\"height\":630,\"caption\":\"LUSSONI | Profesjonalne akcesoria do makija\\u017cu, do w\\u0142os\\u00f3w i paznokci.\"},\"image\":{\"@id\":\"https:\/\/lussoniprofessional.com\/#logo\"}},{\"@type\":\"WebSite\",\"@id\":\"https:\/\/lussoniprofessional.com\/#website\",\"url\":\"https:\/\/lussoniprofessional.com\/\",\"name\":\"LUSSONI | Profesjonalne akcesoria do makija\\u017cu, do w\\u0142os\\u00f3w i paznokci.\",\"description\":\"\",\"publisher\":{\"@id\":\"https:\/\/lussoniprofessional.com\/#organization\"},\"potentialAction\":[{\"@type\":\"SearchAction\",\"target\":\"https:\/\/lussoniprofessional.com\/?s={search_term_string}\",\"query-input\":\"required name=search_term_string\"}],\"inLanguage\":\"en-US\"},{\"@type\":\"WebPage\",\"@id\":\"http:\/\/lussoniprofessional.com\/en\/products\/hair\/combs\/barber-comb\/#webpage\",\"url\":\"http:\/\/lussoniprofessional.com\/en\/products\/hair\/combs\/barber-comb\/\",\"name\":\"BARBER COMB | LUSSONI | Profesjonalne akcesoria do makija\\u017cu, do w\\u0142os\\u00f3w i paznokci.\",\"isPartOf\":{\"@id\":\"https:\/\/lussoniprofessional.com\/#website\"},\"datePublished\":\"2019-03-31T18:11:27+00:00\",\"dateModified\":\"2019-04-01T07:54:36+00:00\",\"inLanguage\":\"en-US\",\"potentialAction\":[{\"@type\":\"ReadAction\",\"target\":[\"http:\/\/lussoniprofessional.com\/en\/products\/hair\/combs\/barber-comb\/\"]}]}]}<\/script>\n<!-- \/ Yoast SEO plugin. -->","_links":{"self":[{"href":"http:\/\/lussoniprofessional.com\/en\/wp-json\/wp\/v2\/pages\/688"}],"collection":[{"href":"http:\/\/lussoniprofessional.com\/en\/wp-json\/wp\/v2\/pages"}],"about":[{"href":"http:\/\/lussoniprofessional.com\/en\/wp-json\/wp\/v2\/types\/page"}],"author":[{"embeddable":true,"href":"http:\/\/lussoniprofessional.com\/en\/wp-json\/wp\/v2\/users\/1"}],"replies":[{"embeddable":true,"href":"http:\/\/lussoniprofessional.com\/en\/wp-json\/wp\/v2\/comments?post=688"}],"version-history":[{"count":1,"href":"http:\/\/lussoniprofessional.com\/en\/wp-json\/wp\/v2\/pages\/688\/revisions"}],"predecessor-version":[{"id":689,"href":"http:\/\/lussoniprofessional.com\/en\/wp-json\/wp\/v2\/pages\/688\/revisions\/689"}],"up":[{"embeddable":true,"href":"http:\/\/lussoniprofessional.com\/en\/wp-json\/wp\/v2\/pages\/685"}],"wp:attachment":[{"href":"http:\/\/lussoniprofessional.com\/en\/wp-json\/wp\/v2\/media?parent=688"}],"curies":[{"name":"wp","href":"https:\/\/api.w.org\/{rel}","templated":true}]}}

<!-- This site is optimized with the Yoast SEO plugin v15.6.2 - https://yoast.com/wordpress/plugins/seo/ -->
<title>BARBER COMB | LUSSONI | Profesjonalne akcesoria do makijażu, do włosów i paznokci.</title>
<meta name="robots" content="index, follow, max-snippet:-1, max-image-preview:large, max-video-preview:-1" />
<link rel="canonical" href="http://lussoniprofessional.com/en/products/hair/combs/barber-comb/" />
<meta property="og:locale" content="en_US" />
<meta property="og:type" content="article" />
<meta property="og:title" content="BARBER COMB | LUSSONI | Profesjonalne akcesoria do makijażu, do włosów i paznokci." />
<meta property="og:description" content="[vc_row][vc_column width=&#8221;3/4&#8243;][/vc_column][vc_column width=&#8221;1/4&#8243;][vc_raw_html el_class=&#8221;opis&#8221;]JTNDZGl2JTIwY2xhc3MlM0QlMjJwaW5rJTIyJTNFREVTQ1JJUFRJT04lM0MlMkZkaXYlM0U=[/vc_raw_html][vc_column_text el_class=&#8221;prod-desc&#8221;]Special, well-designed Barber Comb makes it easier to shape the lines of facial hair and beard when using a shaver or trimmer. It is perfect for marking the neck borders and for even distribution of care and styling products. It is small and handy, made of light and durable material.[/vc_column_text][/vc_column][/vc_row]" />
<meta property="og:url" content="http://lussoniprofessional.com/en/products/hair/combs/barber-comb/" />
<meta property="og:site_name" content="LUSSONI | Profesjonalne akcesoria do makijażu, do włosów i paznokci." />
<meta property="article:modified_time" content="2019-04-01T07:54:36+00:00" />
<meta property="og:image" content="http://lussoniprofessional.com/wp-content/uploads/2019/04/Lussoni-brand.jpg" />
	<meta property="og:image:width" content="1200" />
	<meta property="og:image:height" content="630" />
<meta name="twitter:card" content="summary_large_image" />
<meta name="twitter:label1" content="Est. reading time">
	<meta name="twitter:data1" content="1 minute">
<script type="application/ld+json" class="yoast-schema-graph">{"@context":"https://schema.org","@graph":[{"@type":"Organization","@id":"https://lussoniprofessional.com/#organization","name":"LUSSONI | Profesjonalne akcesoria do makija\u017cu, do w\u0142os\u00f3w i paznokci.","url":"https://lussoniprofessional.com/","sameAs":["https://www.instagram.com/lussoni_professional/"],"logo":{"@type":"ImageObject","@id":"https://lussoniprofessional.com/#logo","inLanguage":"en-US","url":"http://lussoniprofessional.com/wp-content/uploads/2019/04/Lussoni-brand.jpg","width":1200,"height":630,"caption":"LUSSONI | Profesjonalne akcesoria do makija\u017cu, do w\u0142os\u00f3w i paznokci."},"image":{"@id":"https://lussoniprofessional.com/#logo"}},{"@type":"WebSite","@id":"https://lussoniprofessional.com/#website","url":"https://lussoniprofessional.com/","name":"LUSSONI | Profesjonalne akcesoria do makija\u017cu, do w\u0142os\u00f3w i paznokci.","description":"","publisher":{"@id":"https://lussoniprofessional.com/#organization"},"potentialAction":[{"@type":"SearchAction","target":"https://lussoniprofessional.com/?s={search_term_string}","query-input":"required name=search_term_string"}],"inLanguage":"en-US"},{"@type":"WebPage","@id":"http://lussoniprofessional.com/en/products/hair/combs/barber-comb/#webpage","url":"http://lussoniprofessional.com/en/products/hair/combs/barber-comb/","name":"BARBER COMB | LUSSONI | Profesjonalne akcesoria do makija\u017cu, do w\u0142os\u00f3w i paznokci.","isPartOf":{"@id":"https://lussoniprofessional.com/#website"},"datePublished":"2019-03-31T18:11:27+00:00","dateModified":"2019-04-01T07:54:36+00:00","inLanguage":"en-US","potentialAction":[{"@type":"ReadAction","target":["http://lussoniprofessional.com/en/products/hair/combs/barber-comb/"]}]}]}</script>
<!-- / Yoast SEO plugin. -->
